2224 + 1024?
3252
In base 16, what is 729d2d + -4?
729d29
In base 7, what is 24 - 265050?
-265023
In base 7, what is 206023 - 0?
206023
In base 12, what is -1 + 1b117?
1b116
In base 14, what is 11b2 - -3?
11b5
In base 6, what is -124 + 122001?
121433
In base 9, what is 8 + -5272?
-5263
In base 12, what is -2371 - -14?
-2359
In base 13, what is 66b9 + -18?
66a1
In base 3, what is -11 + -212211022?
-212211110
In base 3, what is -1 - -1020202101?
1020202100
In base 4, what is 2 + -33132113?
-33132111
In base 13, what is 7b3 - 34?
77c
In base 16, what is -3abfb - -2?
-3abf9
In base 15, what is -2c48 - -9c?
-2b9b
In base 15, what is -6 - -5c70e?
5c708
In base 6, what is -5 - -30135240?
30135231
In base 15, what is -2 - 3ea?
-3ec
In base 2, what is -1101001011 - -10011011000?
110001101
In base 5, what is -1 - 12011444?
-12012000
In base 5, what is -1 + -140212?
-140213
In base 16, what is -b + -1bc?
-1c7
In base 15, what is 29 - 2573?
-2549
In base 15, what is -15 + -1e0e?
-1e24
In base 8, what is 6 + 130243?
130251
In base 15, what is 3bb + 6e?
43a
In base 9, what is 138581 + 1?
138582
In base 2, what is 1000001101011011 + 1110?
1000001101101001
In base 6, what is 5 + 34544?
34553
In base 16, what is -1c9 + 131?
-98
In base 9, what is 20 - 1545?
-1525
In base 14, what is 331 + 14?
345
In base 5, what is -1020413 - -11?
-1020402
In base 15, what is 6a4d + 11?
6a5e
In base 12, what is 528 + 98?
604
In base 15, what is 915 - 2e?
8d6
In base 8, what is 160 - -1246?
1426
In base 3, what is 10201 - 222100?
-211122
In base 15, what is -18 + 141?
128
In base 5, what is -303 + 1120?
312
In base 11, what is 786 - 102?
684
In base 6, what is 5 - 55031?
-55022
In base 16, what is 131e - -2?
1320
In base 11, what is 0 + 71160?
71160
In base 11, what is 1 + -8a930a?
-8a9309
In base 14, what is -a77 + 79?
-9dc
In base 10, what is -317355 + -19?
-317374
In base 16, what is -7bde + 4?
-7bda
In base 16, what is -3 + -1097?
-109a
In base 15, what is 4a52 + 2?
4a54
In base 13, what is 72 + -43a?
-398
In base 16, what is -5 - -658c0?
658bb
In base 2, what is 11010010 + -111010010?
-100000000
In base 5, what is -204003124 - 11?
-204003140
In base 9, what is 243 - 1?
242
In base 8, what is 6 - -274525?
274533
In base 14, what is -95b - 2?
-95d
In base 6, what is 104341 - -21?
104402
In base 16, what is 65d7 + 7?
65de
In base 6, what is -142044 - 1?
-142045
In base 16, what is 2d393 - -3?
2d396
In base 3, what is 1212022101 - 2221?
1212012110
In base 2, what is -1000 - -11110000111110?
11110000110110
In base 3, what is -12212221 - 2010?
-12222001
In base 7, what is 564251 - 0?
564251
In base 12, what is -11 - 4681?
-4692
In base 10, what is 7 + 18800?
18807
In base 12, what is 2bb3 - 4?
2bab
In base 6, what is 2 - -1144535?
1144541
In base 6, what is -12021 - -352?
-11225
In base 3, what is 20211 - -122101?
220012
In base 11, what is -11161 - 35?
-11196
In base 11, what is a3 - -3729?
3821
In base 5, what is 12 - -1341404?
1341421
In base 2, what is -10 + -111000110000110000?
-111000110000110010
In base 8, what is 1034560 + 4?
1034564
In base 6, what is 12 - 103105?
-103053
In base 3, what is -20 - -120111122021?
120111122001
In base 7, what is 5 + 56651?
56656
In base 3, what is 212 + 10210020221?
10210021210
In base 15, what is 5 - -1334a?
13350
In base 8, what is 6614103 + -2?
6614101
In base 7, what is -1 + 230245?
230244
In base 7, what is 10 - 14445?
-14435
In base 14, what is 405 - -1621?
1a26
In base 16, what is -1e6d - -435?
-1a38
In base 6, what is -3 - 1211052?
-1211055
In base 6, what is -5 - 30?
-35
In base 2, what is -10011110011110 - 10101?
-10011110110011
In base 12, what is -31 - -1517?
14a6
In base 14, what is -24486 + 5?
-24481
In base 15, what is -2 + -d5944?
-d5946
In base 10, what is 17864 + 10?
17874
In base 16, what is -7 + -f2c3?
-f2ca
In base 5, what is 12 - 3414303?
-3414241
In base 3, what is -2 - 222002101?
-222002110
In base 2, what is -111011 + -1000100110?
-1001100001
In base 6, what is 5 + -201124?
-201115
In base 11, what is 19 + -855?
-837
In base 3, what is 121020 - 220121?
-22101
In base 14, what is -53757 - -2?
-53755
In base 16, what is -23 - -98?
75
In base 13, what is 4ab11 - -5?
4ab16
In base 15, what is 19 - -1c63?
1c7c
In base 6, what is -13133515 - -5?
-13133510
In base 5, what is 3 - 10220132?
-10220124
In base 12, what is -32 + -580?
-5b2
In base 7, what is -1054661 + -33?
-1055024
In base 14, what is -9 + -342d?
-3438
In base 6, what is 102 + 1041502?
1042004
In base 10, what is -2 - -71536?
71534
In base 11, what is -5 - 338a86?
-338a90
In base 5, what is -244414 - -2?
-244412
In base 8, what is 5 + -10617?
-10612
In base 4, what is 21 - 332121112?
-332121031
In base 12, what is 171 + -13?
15a
In base 5, what is -2430314 + -4?
-2430323
In base 13, what is 60 + a2a2?
a332
In base 5, what is 4124112 - -10?
4124122
In base 7, what is 141 + 1061?
1232
In base 4, what is -301122 - 30?
-301212
In base 16, what is b26 + -8?
b1e
In base 12, what is 9a34 - -20?
9a54
In base 13, what is 3b179 + -6?
3b173
In base 6, what is -50 - 15535?
-20025
In base 2, what is -10000 + 110100?
100100
In base 12, what is 5 + 45b71?
45b76
In base 12, what is 7 + -43a50?
-43a45
In base 12, what is 30757 - -2a?
30785
In base 13, what is 113 + 2a0?
3b3
In base 9, what is 20477 + 43?
20531
In base 5, what is 3134 - 43344?
-40210
In base 6, what is -133353 - -11?
-133342
In base 12, what is 7 + 4b18?
4b23
In base 16, what is 3 + 8f776?
8f779
In base 6, what is 10230 - 11344?
-1114
In base 13, what is -33 + -223?
-256
In base 13, what is 459 + -3c8?
61
In base 2, what is -1101010001111 + -1?
-1101010010000
In base 10, what is 11 - 29308?
-29297
In base 3, what is 21211122202 - -12?
21211122221
In base 8, what is 0 - -22055?
22055
In base 2, what is 10 + 1000001101101?
1000001101111
In base 2, what is -10111001101010001 + 0?
-10111001101010001
In base 4, what is -10232111 - 10?
-10232121
In base 12, what is -99 - -a5?
8
In base 2, what is 101 + -1100001000100101?
-1100001000100000
In base 10, what is 854573 + 4?
854577
In base 5, what is -13212114 + 13?
-13212101
In base 2, what is -11000 - 111011011110011?
-111011100001011
In base 10, what is 45793 - 47?
45746
In base 14, what is -23446a + 0?
-23446a
In base 12, what is 3903 - 118?
37a7
In base 16, what is -459949 - 1?
-45994a
In base 7, what is 14302 + 25?
14330
In base 12, what is -85888 + -4?
-85890
In base 4, what is -1031231011 + -10?
-1031231021
In base 11, what is 3 - 103a6?
-103a3
In base 14, what is 785 - -9?
790
In base 4, what is -13010210 - -3?
-13010201
In base 8, what is 2145247 - 5?
2145242
In base 7, what is -3 + -4303?
-4306
In base 8, what is -2066 - 117?
-2205
In base 8, what is 305543 - 0?
305543
In base 5, what is -1304 + 341?
-413
In base 9, what is 326 + 2153?
2480
In base 13, what is 3 + 6ca8?
6cab
In base 9, what is 17757 + -1?
17756
In base 7, what is -3 - -51155?
51152
In base 16, what is 7 - 3f74?
-3f6d
In base 8, what is -4 + -173356?
-173362
In base 6, what is -21151 + 1232?
-15515
In base 2, what is -1010101100 + 11111?
-1010001101
In base 4, what is 1321 + -10122?
-2201
In base 9, what is 78 + -6?
72
In base 13, what is -104 + -387?
-48b
In base 16, what is 48 - 5ccb?
-5c83
In base 3, what is -1111022212 + -11012?
-1111111001
In base 12, what is -5 - 7085?
-708a
In base 14, what is b + 50a?
517
In base 3, what is -220020 + 2120221?
1200201
In base 7, what is 1011 + 36350?
40361
In base 5, what is 44210010 + -3?
44210002
In base 13, what is -6ca72 - 1b?
-6ca90
In base 13, what is 113 + -84c?
-739
In base 6, what is -223105 - 52?
-223201
In base 6, what is 10 - -225135?
225145
In base 11, what is -14119 - -22?
-140a7
In base 16, what is -2 - -2955?
2953
In base 7, what is 20611 - 21?
20560
In base 6, what is 323231 + -10?
323221
In base 16, what is a92 + 1?
a93
In base 16, what is -282 - -af?
-1d3
In base 9, what is 243 - 350?
-106
In base 12, what is 47 + 203a?
2085
In base 13, what is 20bc2 + -7?
20bb8
In base 6, what is -15040424 + 0?
-15040424
In base 7, what is 124 + 433?
560
In base 12, what is -359505 - -5?
-359500
In base 15, what is -5 + 18ae8?
18ae3
In base 2, what is 1100010110111111 - 0?
1100010110111111
In base 8, what is 154432 - -3?
154435
In base 14, what i